/16?
7
Suppose -269 = 3*c - 1082. Suppose 0 = 6*x - 17 - c. Let m = x + -9. What is the units digit of m?
9
Suppose 748 = -4*r + 26*r. What is the units digit of r?
4
Suppose 5*z - x = 6219, 3*x - 8696 + 2473 = -5*z. What is the units digit of z?
4
Let p = 1501 + -1135. What is the tens digit of p?
6
Suppose 14928 = 37*r - 21*r. What is the units digit of r?
3
What is the units digit of (-100 + 2)/(1*8/(-28))?
3
Suppose 456 = -k - 0*c - 5*c, -2*c = 5*k + 2280. What is the units digit of (-12)/8*k/9?
6
Let k = -46 - 1. Let d be 4/(-8)*(52 - 2). Let u = d - k. What is the units digit of u?
2
Let h = -2 + 8. Let p(r) = -r**3 + 5*r**2 + 10*r + 2. Let k(o) = -o**3 + 5*o**2 + 9*o + 1. Let f(l) = h*k(l) - 5*p(l). What is the tens digit of f(5)?
1
Suppose 0 = 5*h - 5*z - 10040, 0 = -27*h + 25*h + 4*z + 4022. What is the thousands digit of h?
2
Let a be 21/1*(4 + (-2 - 3)). What is the tens digit of (476/a + -5)/(1/(-9))?
4
Let o(j) = -157*j - 4 - 2 - 2. Let z(q) = 39*q + 2. Let s(u) = 2*o(u) + 9*z(u). What is the tens digit of s(1)?
3
Suppose 10421 = 5*y - 4*x, 5*y + 0*y = -4*x + 10389. Let v be y/11 + (-6)/33. Suppose 0 = -5*k - 4*j + v, -j = 5*k + 4*j - 185. What is the tens digit of k?
4
Let z(b) = b**3 - 23*b**2 + 32*b + 1. What is the units digit of z(22)?
1
What is the tens digit of (-463 - 3)*(-18)/12?
9
Suppose 0 = 3*b + 5*r - 11094, b - 16*r = -12*r + 3715. What is the thousands digit of b?
3
Let s(v) be the second derivative of -v**4/12 - 7*v**3/6 - 2*v**2 + 3*v + 13. What is the units digit of s(-6)?
2
Suppose -973 - 2448 = -11*n. What is the hundreds digit of n?
3
Let m be (-141)/2 + ((-91)/14 - -6). Suppose -390 = 3*w + 5*q, -w = -2*w + 3*q - 144. Let t = m - w. What is the units digit of t?
4
Let j(w) = 132*w + 1159. What is the hundreds digit of j(18)?
5
Let g(i) = -i**2 - 38*i + 88. What is the tens digit of g(-33)?
5
What is the tens digit of (20208/(-60) - 5)/(3/(-15))?
0
Let b be (-1 - 28/(-16))*4. Let y be (-2)/b*-39 - 0. Let j = 7 + y. What is the tens digit of j?
3
Suppose -14*h = -18*h - 8, -2*h - 784 = -5*m. Suppose 2*v - m = -3*t + 399, 4*v - 378 = -2*t. What is the units digit of t?
3
Let f(q) = -27*q - 1. Suppose -l + 18 = -7*l. What is the tens digit of f(l)?
8
Let v(x) = 9*x**2 - 6*x - 55. What is the tens digit of v(-5)?
0
Let l be 0 - -3 - (-163 - -10). Suppose -4*u + 3*r - l = 0, -2*u - 3*r = -0*u + 60. Let q = -9 - u. What is the tens digit of q?
2
Let x(u) = -u**2 + 5*u + 35. What is the tens digit of x(0)?
3
Suppose -600 = -7*l + 72. Suppose -4*w - 171 - 181 = -3*q, q = -4*w + l. What is the units digit of q?
2
Let s = 419 - 436. Let u(f) = -6*f + 2. Let b be u(6). Let y = s - b. What is the units digit of y?
7
Suppose 4 = -2*n - n + 2*p, 2*n = 2*p - 4. What is the tens digit of (-536)/(-32)*(n + 4)?
6
Let u(g) = -26*g + 2. Suppose -11*l = -13*l - 2. What is the tens digit of u(l)?
2
Suppose 0*g = 3*d - 2*g - 54, -51 = -3*d + g. Let n be (2 + d/20)*30. Suppose 9 - n = -5*u. What is the tens digit of u?
1
Let p be (-8)/32 + 17/4. Suppose -p*l = -5*l. Suppose -50 = -4*t + 2*b, 3*t - 4*b + l*b - 40 = 0. What is the tens digit of t?
1
Suppose -3*h - 2215 = -4*j, 3*h - 389 - 146 = -j. What is the tens digit of j?
5
What is the hundreds digit of ((-78)/13 + -28)*-148?
0
Let w = 2717 - 1286. What is the units digit of w?
1
Let f = 3433 + -2411. What is the units digit of f?
2
Suppose -3*r + 2*z = -190, 5*z - 67 = 3*r - 272. Suppose -f = 2*i - 15, r = 4*f - 3*i + 2*i. What is the units digit of f?
5
Let s = -21 - 43. What is the units digit of (1 - -16)/(-3 - s/20)?
5
Suppose 0 = -22*w + 80344 + 28622. What is the units digit of w?
3
What is the hundreds digit of 6*(-3 + -3)*138/(-9)?
5
Let i be (-13)/(-4) - 12/48. What is the tens digit of 58*(-4 + 2 + i)?
5
Suppose w = 135 + 8. What is the tens digit of w?
4
Suppose 3*s + 4*q - 6 = 0, 5*s - 10 = q - 2*q. Suppose -5*z + j = -113, -5*j = -s*z + 17 + 42. What is the units digit of z?
2
Let v be -1*(-137)/1*1. Suppose -5*a - 42 = -v. Suppose a*x - 4 = 15*x. What is the units digit of x?
1
Let k be 2/(-2) + (-2 - 0). Let z(x) = -x**2 + 12*x + 16. Let t be z(8). What is the units digit of k/6*(4 - t)?
2
Let n = 1136 + -753. What is the tens digit of n?
8
Let u = -66 - -66. Suppose 3*j - 1245 + 369 = u. What is the tens digit of j?
9
Suppose 7*a - 424 - 255 = 0. Let j = 6 - 9. What is the tens digit of (-1)/j*(a + -4)?
3
Suppose -2*c + 1257 = -3*a, -5*c + 969 = -4*a - 2170. What is the hundreds digit of c?
6
Suppose 10602 = 37*b + 1796. What is the units digit of b?
8
Suppose -4*n = -14 + 6. Suppose p - 3*c = 28, -4*c + 3*c = 0. Suppose -4*i + n*i = -p. What is the units digit of i?
4
Let p(v) = 9*v**2 - 30*v + 52. What is the units digit of p(-22)?
8
Let k(p) = p**3 + 6*p**2 + 20*p + 14. Let b be k(-8). Let q = 562 + b. What is the units digit of q?
8
Let r be (4 + -5)/((-1)/(-30)). Let u = 37 + r. Suppose -71 - 13 = -u*i. What is the units digit of i?
2
Suppose -6*j - 3*d - 816 = -9*j, -d - 544 = -2*j. Let s = j - 161. What is the hundreds digit of s?
1
Let g be -4*(-3 + (-588)/16). Suppose -4*b - 31 = 5*t - 153, 0 = -5*b - 3*t + g. What is the tens digit of b?
3
Let h(g) = 2*g**3 + 77*g**2 - 74*g - 63. What is the thousands digit of h(-39)?
1
Suppose -8232 = 21*j - 28*j. What is the hundreds digit of j?
1
Let k(d) = -d**3 - 3*d**2 + 5*d + 6. Let q be k(-4). Suppose -2*r - x + 265 = 4*x, q*x = 5*r - 619. Let u = r - 85. What is the units digit of u?
0
Let k(o) = 3*o - 2. Let r be k(3). Suppose -15*h = -r*h - 136. What is the tens digit of h?
1
Let v = 55 + -51. What is the units digit of (-4)/1 - (-73 + v)?
5
Let i = -8 - -10. Let y be 32/40*5/i. Suppose y*b = -11 + 33. What is the units digit of b?
1
Let g(h) = 1. Let o(f) = f + 166. Let i(x) = 2*g(x) + o(x). Let j be i(0). Suppose 4*w = 4*a - 120, 0*a - w + j = 5*a. What is the tens digit of a?
3
Suppose -2*w = -8*w + 48. Let q = 12 - w. Suppose -141 = -q*j + 59. What is the tens digit of j?
5
Suppose 4*m = -3*z - 8, 6*m = m - 25. Let q be -2*(-2)/(-1) + z. Suppose q = 5*o - 19 - 61. What is the units digit of o?
6
Let w(r) = 10*r**3 + 7*r**2 - 7*r - 6. What is the tens digit of w(4)?
1
Let v = 27 - 23. Suppose 0 = -3*q + 8 + 4, -36 = -b - v*q. What is the units digit of b?
0
Let y(t) = -3*t**3 - t**2 + 3*t - 3. Let k be y(2). Let i = k + 28. What is the units digit of i?
3
Let z(r) = 284*r - 39. What is the units digit of z(3)?
3
Let m = 54 - 75. What is the tens digit of 6/m + 1010/7?
4
Let i(l) = -24*l - 3. Let t be i(-7). Suppose -2*d + 171 = -t. Suppose -d = -3*f - 0*f + a, f + a - 52 = 0. What is the units digit of f?
5
Let f = 20 + -18. Suppose 0 = x - 4*u + 96, 5*x - f*u = -0*u - 444. Let a = -49 - x. What is the units digit of a?
9
Let x(c) = c**3 + c**2 - 2*c. Let a be x(-2). Let f(u) = u + u - 1 + 24. What is the units digit of f(a)?
3
Let n be ((-4)/10)/(1/(-5)). Let x(g) be the third derivative of 3*g**6/40 - g**5/12 + g**4/6 + 5*g**2 + 14. What is the units digit of x(n)?
0
Suppose 44 = 10*n + 12*n. Suppose 1 = -2*m - c + 18, 0 = -m + c + 10. Suppose 0 = -n*z + 3 + m. What is the units digit of z?
6
Let o be -5 - (-2 + 1) - 0. Suppose -4*d = -2*x - 12 - 44, 49 = 3*d - 5*x. Let f = o + d. What is the units digit of f?
9
Suppose -42*t = -44*t. Suppose 74 = 4*l - 50. Suppose m + 0*m - l = t. What is the units digit of m?
1
Suppose 2*s - 3*s = 5*u + 11, -2*u = -3*s + 18. Suppose -s*y + 29 = 5. Let z(x) = -x**3 + 5*x**2 + 7*x + 9. What is the tens digit of z(y)?
1
What is the tens digit of ((-20)/5 - 2)/(9/(-27))?
1
Let p(c) = c**2 + 2*c + 12. Let b be p(-6). Suppose g + x = 12, -2*g + 7*x + b = 3*x. What is the units digit of g?
4
Let i(v) be the first derivative of -1/4*v**4 + 0*v**3 - 10 + 21*v - 1/2*v**2. What is the tens digit of i(0)?
2
Suppose d - 5*a = -2, 3*a - 6 - 16 = -d. Let h(i) = i**3. Let p(o) = 4*o**3 - 14*o**2 + 11*o + 19. Let x(y) = 3*h(y) - p(y). What is the units digit of x(d)?
7
Let s(m) = 1400*m**2 - 4*m - 5. What is the units digit of s(-1)?
9
Suppose j + 7608 + 1239 = 3*z, j = 2*z - 5898. What is the hundreds digit of z?
9
Let r = 1668 + -955. What is the hundreds digit of r?
7
Let g = 1492 + -343. What is the thousands digit of g?
1
Let d = -14 - -196. What is the tens digit of d?
8
Supp